actor of 5 and 2278415.
5
What is the greatest common factor of 201395 and 6345?
235
What is the highest common divisor of 26797 and 635?
127
What is the highest common divisor of 106 and 35987?
53
What is the greatest common factor of 1425 and 3975?
75
Calculate the highest common factor of 560 and 3010.
70
What is the greatest common divisor of 159676 and 627?
209
Calculate the highest common factor of 24 and 489666.
6
Calculate the greatest common factor of 297 and 16599.
33
Calculate the highest common divisor of 232 and 81428.
4
Calculate the highest common divisor of 5160662 and 1898.
1898
Calculate the highest common divisor of 38304 and 355908.
1596
Calculate the greatest common divisor of 259192 and 181.
181
Calculate the highest common factor of 2584353 and 246.
123
Calculate the greatest common divisor of 206060 and 80.
20
Calculate the highest common factor of 972 and 186867.
243
What is the greatest common divisor of 3032 and 664?
8
What is the greatest common factor of 117 and 612?
9
Calculate the highest common factor of 1320 and 4103.
11
What is the greatest common factor of 318 and 99057?
159
Calculate the greatest common factor of 40239 and 459.
153
What is the greatest common factor of 936 and 3263?
13
Calculate the greatest common divisor of 11339 and 416875.
667
What is the greatest common divisor of 28658 and 357602?
1246
Calculate the highest common factor of 1 and 9787.
1
Calculate the highest common divisor of 1071 and 411145.
119
Calculate the highest common divisor of 2907279 and 2291.
2291
Calculate the highest common divisor of 61893 and 46.
23
What is the highest common divisor of 17 and 408731?
17
What is the greatest common divisor of 580030 and 165?
55
Calculate the highest common divisor of 51 and 7616.
17
What is the highest common divisor of 12 and 1251780?
12
Calculate the greatest common divisor of 525 and 56070.
105
What is the highest common factor of 69 and 25139?
23
What is the greatest common factor of 62 and 2626847?
31
Calculate the highest common factor of 22519 and 399.
7
Calculate the greatest common divisor of 12032 and 73132.
188
What is the highest common factor of 19035 and 2430?
405
What is the greatest common factor of 11455 and 58?
29
What is the highest common divisor of 91050 and 100?
50
Calculate the greatest common divisor of 38448 and 2160.
432
Calculate the greatest common factor of 50344 and 2728.
248
Calculate the greatest common factor of 558746 and 674.
674
Calculate the highest common factor of 1710 and 32940.
90
What is the greatest common factor of 102869 and 3?
1
Calculate the highest common factor of 48 and 59352.
24
Calculate the greatest common divisor of 34085 and 1489715.
2005
Calculate the highest common divisor of 243056 and 64.
16
What is the highest common divisor of 250098 and 3997?
571
Calculate the highest common divisor of 165 and 37917.
33
Calculate the highest common factor of 195 and 3454035.
195
What is the greatest common factor of 20882 and 9062?
394
Calculate the highest common factor of 8556 and 21528.
276
Calculate the highest common factor of 2020 and 200.
20
Calculate the highest common factor of 846 and 402.
6
Calculate the highest common divisor of 627066 and 1716.
66
What is the greatest common factor of 1536 and 12?
12
What is the highest common factor of 4806 and 30?
6
Calculate the highest common divisor of 3 and 492.
3
Calculate the greatest common factor of 904673 and 1023.
341
Calculate the highest common factor of 1152 and 214884.
36
What is the highest common factor of 2500 and 6000?
500
Calculate the greatest common factor of 3696 and 2544.
48
Calculate the greatest common divisor of 138 and 540.
6
Calculate the highest common divisor of 314 and 34226.
314
What is the greatest common factor of 28128 and 66?
6
What is the greatest common factor of 1868139 and 9?
9
What is the highest common divisor of 2870 and 2542?
82
Calculate the greatest common factor of 8 and 494908.
4
Calculate the highest common divisor of 2 and 27406.
2
What is the greatest common divisor of 61350 and 1475?
25
What is the highest common factor of 15 and 326870?
5
Calculate the greatest common factor of 3060 and 11160.
180
What is the greatest common factor of 603 and 70149?
201
What is the highest common divisor of 1161 and 405?
27
Calculate the highest common divisor of 148776 and 40.
8
What is the greatest common factor of 36029 and 1561?
7
Calculate the greatest common factor of 12 and 174672.
12
Calculate the highest common divisor of 4842450 and 425.
425
Calculate the greatest common factor of 3211 and 1729.
247
What is the highest common divisor of 115 and 67114?
23
What is the greatest common divisor of 4878 and 608?
2
What is the highest common factor of 1625 and 6058?
13
What is the greatest common divisor of 912 and 20?
4
Calculate the greatest common factor of 228056 and 116.
116
Calculate the highest common factor of 30 and 931860.
30
What is the greatest common divisor of 558008 and 102?
34
What is the highest common divisor of 3672 and 4752?
216
What is the highest common factor of 2094 and 3?
3
What is the greatest common factor of 12559 and 133?
19
Calculate the greatest common divisor of 165261 and 3.
3
Calculate the highest common divisor of 7106 and 75174.
374
Calculate the highest common factor of 902 and 457765.
451
What is the highest common factor of 260 and 58565?
65
What is the highest common divisor of 134 and 987848?
134
Calculate the highest common divisor of 13816 and 92316.
628
What is the greatest common factor of 65 and 10946?
13
What is the greatest common divisor of 840 and 802260?
60
What is the highest common factor of 3066 and 252?
42
What is the highest common divisor of 174 and 19082?
58
What is the greatest common factor of 32 and 1458?
2
What is the highest common divisor of 205 and 23493?
41
Calculate the highest common factor of 50936 and 8.
8
What is the greatest common factor of 72 and 18272?
8
Calculate the greatest common factor of 1288668 and 306.
102
Calculate the highest common divisor of 59618 and 104.
26
Calculate the highest common factor of 55902 and 42042.
462
Calculate the greatest common factor of 13581 and 9.
9
What is the greatest common factor of 5324 and 20?
4
What is the greatest common divisor of 1162890 and 135?
135
What is the greatest common factor of 1731060 and 45?
45
What is the highest common divisor of 4180 and 475?
95
Calculate the highest common divisor of 52 and 1857284.
52
What is the greatest common factor of 90 and 1320?
30
What is the highest common factor of 100140 and 420?
60
What is the highest common divisor of 6890 and 43030?
130
Calculate the highest common factor of 99 and 668723.
11
Calculate the highest common factor of 33 and 1389630.
33
Calculate the highest common factor of 10781871 and 69.
69
What is the highest common factor of 14222 and 26?
26
What is the greatest common factor of 268 and 442870?
134
Calculate the highest common factor of 9164 and 7888.
116
Calculate the highest common divisor of 63986 and 26.
26
Calculate the highest common divisor of 3712 and 2900.
116
Calculate the highest common factor of 7926450 and 3150.
1050
Calculate the greatest common divisor of 71 and 116369.
71
What is the greatest common factor of 80000 and 1750?
250
Calculate the highest common factor of 10827 and 12431.
401
What is the highest common divisor of 220 and 75600?
20
Calculate the highest common divisor of 44 and 50.
2
Calculate the highest common divisor of 21750 and 1044.
174
Calculate the greatest common factor of 555751 and 21.
7
What is the highest common divisor of 509007 and 2658?
1329
Calculate the greatest common factor of 42 and 8547.
21
What is the greatest common factor of 6029523 and 9?
9
Calculate the greatest common factor of 5043 and 16359.
123
What is the highest common factor of 320 and 20096?
64
What is the greatest common divisor of 6 and 14907?
3
Calculate the greatest common factor of 295 and 14573.
59
Calculate the highest common divisor of 2700 and 54300.
300
What is the highest common factor of 6154 and 306?
34
What is the highest common divisor of 42875 and 4250?
125
Calculate the highest common divisor of 111504 and 5106.
138
What is the highest commo